{"id":143,"date":"2021-07-11T19:28:57","date_gmt":"2021-07-11T17:28:57","guid":{"rendered":"http:\/\/415hertz.de\/wordpress\/?page_id=143"},"modified":"2026-03-11T16:32:50","modified_gmt":"2026-03-11T15:32:50","slug":"mitgliedschaft","status":"publish","type":"page","link":"https:\/\/415hertz.de\/?page_id=143","title":{"rendered":"Mitgliedschaft"},"content":{"rendered":"\n<p>Zum Januar 2017 ist die Tr\u00e4gerschaft des Landesjugendbarockorchesters vom Landesmusikrat Baden-W\u00fcrttemberg \u00fcbernommen worden. Der Verein \u201eLandesjugendbarockorchester Baden \u2013 W\u00fcrttemberg e.V.\u201c hat sich umbenannt in \u201e415 Hz f\u00fcr die Jugend e.V.\u201c und wird in Zukunft als F\u00f6rderverein fungieren und Ensembles unterst\u00fctzen, die auf historischen Instrumenten musizieren.<br>Wir brauchen neue Mitglieder, um Instrumente zur Verf\u00fcgung stellen, Stipendien vergeben  und Projekte mit gro\u00dfer Besetzung verwirklichen zu k\u00f6nnen.<\/p>\n\n\n\n<p>Spendenkonto:<\/p>\n\n\n\n<p>IBAN: <strong>DE62 6805 0101 0013 5696 17<\/strong><br>BIC: FRSPDE66XXX<\/p>\n\n\n\n<div style=\"height:79px\" aria-hidden=\"true\" class=\"wp-block-spacer\"><\/div>\n\n\n\n<p><strong>Antrag bitte weiter unten herunterladen und ausf\u00fcllen!<\/strong><\/p>\n\n\n\n<p><br>Mitgliedschaftsantrag<br>Hiermit beantrage ich die Mitgliedschaft im Verein &#8222;415 Hz f\u00fcr die Jugend e.V.\u201c<\/p>\n\n\n\n<p><br>Pers\u00f6nliche Angaben: Herr \u25a1 Frau \u25a1<\/p>\n\n\n\n<p><br>Name, Vorname: <strong><em><strong><em>______________________________<\/em><\/strong><\/em><\/strong><br>Stra\u00dfe, Nr.: <strong><em><strong><em>______________________________<\/em><\/strong><\/em><\/strong><br>PLZ, Wohnort: <strong><em><strong><em>______________________________<\/em><\/strong><\/em><\/strong><br>E-Mail: <strong><em><strong><em>______________________________<\/em><\/strong><\/em><\/strong><br>SEPA-Lastschrift-Mandat: Gl\u00e4ubiger- ID: DE33ZZZ00001835294<\/p>\n\n\n\n<p><br>Ich erm\u00e4chtige den Verein \u201e415 Hz f\u00fcr die Jugend e.V.\u201c den Mitgliedsbeitrag von meinem Konto mittels Lastschrift einzuziehen. Zugleich weise ich mein Kreditinstitut an, die von \u201e415 Hz f\u00fcr die Jugend e.V.\u201c von meinem Konto eingezogenen Lastschriften einzul\u00f6sen.<br>Einzug des Beitrags von j\u00e4hrlich \u2026\u2026\u2026\u2026 (mindestens \u20ac 20,-) von folgendem Konto:<\/p>\n\n\n\n<p><br>IBAN DE\u2026\u2026\u2026\u2026\u2026\u2026\u2026\u2026\u2026\u2026\u2026\u2026\u2026\u2026\u2026\u2026\u2026\u2026\u2026 BIC:\u2026\u2026\u2026\u2026\u2026\u2026\u2026\u2026\u2026\u2026\u2026<\/p>\n\n\n\n<p><br>Der Verein ist als gemeinn\u00fctzig anerkannt. Ich ben\u00f6tige eine Spendenbescheinigung. \u25a1<br>Hinweis: Ich kann innerhalb von acht Wochen, beginnend mit dem Belastungsdatum, die<br>Erstattung des belasteten Betrages verlangen. Es gelten dabei die mit meinem Kreditinstitut vereinbarten Bedingungen.<\/p>\n\n\n\n<p><br>Datum: \u2026\u2026\u2026\u2026\u2026\u2026Unterschrift:\u2026\u2026\u2026\u2026\u2026\u2026\u2026\u2026\u2026\u2026\u2026\u2026\u2026\u2026..<\/p>\n\n\n\n<p><\/p>\n\n\n\n<p><\/p>\n\n\n\n<div class=\"wp-block-file\"><a id=\"wp-block-file--media-c2db4073-6e18-4924-8b93-8758cf6d6f33\" href=\"https:\/\/415hertz.de\/wp-content\/uploads\/2023\/02\/Mitgliedschaftsantrag415-Hz-fuer-die-Jugend-2.pdf\">Mitgliedschaftsantrag415 Hz f\u00fcr die Jugend<\/a><a href=\"https:\/\/415hertz.de\/wp-content\/uploads\/2023\/02\/Mitgliedschaftsantrag415-Hz-fuer-die-Jugend-2.pdf\" class=\"wp-block-file__button wp-element-button\" download aria-describedby=\"wp-block-file--media-c2db4073-6e18-4924-8b93-8758cf6d6f33\">Herunterladen<\/a><\/div>\n","protected":false},"excerpt":{"rendered":"<p>Zum Januar 2017 ist die Tr\u00e4gerschaft des Landesjugendbarockorchesters vom Landesmusikrat Baden-W\u00fcrttemberg \u00fcbernommen worden. Der Verein \u201eLandesjugendbarockorchester Baden \u2013 W\u00fcrttemberg e.V.\u201c hat sich umbenannt in \u201e415 Hz f\u00fcr die Jugend e.V.\u201c und wird in Zukunft als F\u00f6rderverein fungieren und Ensembles unterst\u00fctzen, die auf historischen Instrumenten musizieren.Wir brauchen neue Mitglieder, um Instrumente zur Verf\u00fcgung stellen, Stipendien vergeben &hellip; <\/p>\n<p class=\"link-more\"><a href=\"https:\/\/415hertz.de\/?page_id=143\" class=\"more-link\"><span class=\"screen-reader-text\">\u201eMitgliedschaft\u201c <\/span>weiterlesen<\/a><\/p>\n","protected":false},"author":1,"featured_media":176,"parent":0,"menu_order":0,"comment_status":"closed","ping_status":"closed","template":"","meta":{"footnotes":""},"class_list":["post-143","page","type-page","status-publish","has-post-thumbnail","hentry"],"_links":{"self":[{"href":"https:\/\/415hertz.de\/index.php?rest_route=\/wp\/v2\/pages\/143","targetHints":{"allow":["GET"]}}],"collection":[{"href":"https:\/\/415hertz.de\/index.php?rest_route=\/wp\/v2\/pages"}],"about":[{"href":"https:\/\/415hertz.de\/index.php?rest_route=\/wp\/v2\/types\/page"}],"author":[{"embeddable":true,"href":"https:\/\/415hertz.de\/index.php?rest_route=\/wp\/v2\/users\/1"}],"replies":[{"embeddable":true,"href":"https:\/\/415hertz.de\/index.php?rest_route=%2Fwp%2Fv2%2Fcomments&post=143"}],"version-history":[{"count":9,"href":"https:\/\/415hertz.de\/index.php?rest_route=\/wp\/v2\/pages\/143\/revisions"}],"predecessor-version":[{"id":472,"href":"https:\/\/415hertz.de\/index.php?rest_route=\/wp\/v2\/pages\/143\/revisions\/472"}],"wp:featuredmedia":[{"embeddable":true,"href":"https:\/\/415hertz.de\/index.php?rest_route=\/wp\/v2\/media\/176"}],"wp:attachment":[{"href":"https:\/\/415hertz.de\/index.php?rest_route=%2Fwp%2Fv2%2Fmedia&parent=143"}],"curies":[{"name":"wp","href":"https:\/\/api.w.org\/{rel}","templated":true}]}}